{"id":95,"date":"2017-01-06T16:36:54","date_gmt":"2017-01-06T15:36:54","guid":{"rendered":"http:\/\/leplessis-lepage.fr\/?page_id=95"},"modified":"2025-12-16T10:27:07","modified_gmt":"2025-12-16T09:27:07","slug":"accueil","status":"publish","type":"page","link":"http:\/\/leplessis-lepage.fr\/?page_id=95","title":{"rendered":"Bienvenue"},"content":{"rendered":"\n<div class=\"wp-block-buttons is-layout-flex wp-block-buttons-is-layout-flex\">\n<div class=\"wp-block-button is-style-outline is-style-outline--1\"><a class=\"wp-block-button__link wp-element-button\" href=\"http:\/\/leplessis-lepage.fr\/?page_id=1460\"><strong>English<\/strong><\/a><\/div>\n<\/div>\n\n\n\n<p><\/p>\n\n\n<p><span class=\"Style6\"><img loading=\"lazy\" decoding=\"async\" class=\"size-full wp-image-13 alignleft\" src=\"http:\/\/leplessis-lepage.fr\/wp-content\/uploads\/2017\/01\/Logo-Locations-Gites-Plessis-Azay-le-Rideau-Val-de-Loire.jpg\" alt=\"\" width=\"125\" height=\"124\" srcset=\"http:\/\/leplessis-lepage.fr\/wp-content\/uploads\/2017\/01\/Logo-Locations-Gites-Plessis-Azay-le-Rideau-Val-de-Loire.jpg 125w, http:\/\/leplessis-lepage.fr\/wp-content\/uploads\/2017\/01\/Logo-Locations-Gites-Plessis-Azay-le-Rideau-Val-de-Loire-100x100.jpg 100w\" sizes=\"auto, (max-width: 125px) 100vw, 125px\" \/>Nos deux h\u00e9bergements, \u00ab\u00a0Le G\u00eete\u00a0\u00bb et \u00ab\u00a0L&rsquo;Atelier\u00a0\u00bb, <\/span>peuvent accueillir jusqu&rsquo;\u00e0 quatre personnes chacun et sont class\u00e9s dans la cat\u00e9gorie <span class=\"Style26\">****<\/span> des nouvelles normes. Ils offrent tout le confort et les services pour un s\u00e9jour agr\u00e9able et sans soucis.<br \/><span class=\"Style6\">Nos g\u00eetes sont \u00ab\u00a0pr\u00eats \u00e0 vivre\u00a0\u00bb : l&rsquo;essentiel est disponible, le linge de maison et de toilette sont en place et les lits sont faits. Vous devez seulement apporter nourriture et boissons.\u00a0Trois supermarch\u00e9s, dont un bio, les caf\u00e9s, les restaurants et tous les commerces sont accessibles dans un rayon de 800 m\u00e8tres&#8230;<\/span><\/p>\n<h1>Azay le Rideau<\/h1>\n<p>Cette jolie petite ville vous offre toutes les facilit\u00e9s et constitue un point strat\u00e9gique pour visiter la Touraine et le Val de Loire. Tours est \u00e0 25 mn, Paris \u00e0 2h50 en voiture et \u00e0 1h30 en TGV. Le train et le bus vous transportent quotidiennement \u00e0 Tours et \u00e0 Chinon.<br \/>Vous \u00eates au c\u0153ur des vignobles et \u00e0 deux pas des c\u00e9l\u00e8bres ch\u00e2teaux de Sach\u00e9, Villandry, Langeais, Uss\u00e9, Chinon, \u2026<br \/><span class=\"Style6\">Vous \u00eates sur les parcours de \u00ab\u00a0<a href=\"http:\/\/www.loireavelo.fr\/\" target=\"_blank\" rel=\"noopener\">La Loire \u00e0 V\u00e9lo<\/a>\u00a0\u00bb et de \u00ab\u00a0<a href=\"http:\/\/www.indre-a-velo.com\/\" target=\"_blank\" rel=\"noopener\">L&rsquo;Indre \u00e0 V\u00e9lo<\/a>\u00ab\u00a0.<\/span> <span class=\"Style6\">De nombreux circuits p\u00e9destres et v\u00e9los vous entrainent sur des routes pittoresques majoritairement plates dans les vall\u00e9es et sur les coteaux de l\u2019Indre, de la Loire, du Cher.<br \/>La for\u00eat domaniale de Chinon est \u00e0 seulement quelques kilom\u00e8tres.\u00a0 <\/span> A proximit\u00e9, une m\u00e9diath\u00e8que, une piscine publique, des centres \u00e9questres, plusieurs parcours de golf, des parcs de jeux attireront les jeunes et les moins jeunes.<\/p>\n<h1>Le Plessis-Lepage<\/h1>\n<p>Surplombant la vall\u00e9e de l&rsquo;Indre \u00e0 quelques centaines de m\u00e8tres du centre ville et du c\u00e9l\u00e8bre ch\u00e2teau d\u2019Azay le Rideau, le Plessis-Lepage est une ancienne propri\u00e9t\u00e9 rurale b\u00e2tie au milieu du 19\u00e8me si\u00e8cle.<\/p>\n<p>Le Plessis-Lepage b\u00e9n\u00e9ficie d\u2019un environnement particuli\u00e8rement calme. Son vaste <a href=\"http:\/\/leplessis-lepage.fr\/?page_id=99\">jardin<\/a> arbor\u00e9 est prot\u00e9g\u00e9 par un coteau et un mur de pierre traditionnel. <span class=\"Style6\">Les v\u00e9hicules sont dans une enceinte ferm\u00e9e. Les v\u00e9los et motos sont gar\u00e9s \u00e0 l&rsquo;abri. <\/span><br \/>Le site comporte deux maisons : celle o\u00f9 nous vivons et celle destin\u00e9e aux locations qui abrite deux habitations am\u00e9nag\u00e9es chacune en rez de jardin et 1er \u00e9tage : \u00ab\u00a0<a href=\"http:\/\/leplessis-lepage.fr\/?page_id=118\">Le G\u00eete<\/a>\u00a0\u00bb\u00a0 et\u00a0 \u00ab\u00a0<a href=\"http:\/\/leplessis-lepage.fr\/?page_id=142\">L&rsquo;Atelier<\/a>\u00ab\u00a0.<br \/><span class=\"Style6\">Nos locations ne sont malheureusement pas sp\u00e9cifiquement adapt\u00e9es aux personnes en situation de handicap.<br \/>Vos animaux de compagnie sont les bienvenus avec entente pr\u00e9alable.<br \/><\/span><\/p>\n<p><span class=\"Style6\">Vous \u00eates les bienvenus et vous b\u00e9n\u00e9ficierez de toute notre attention, de nos conseils, de notre assistance, que vous soyez \u00e0 pied, \u00e0 2 roues en v\u00e9lo ou \u00e0 moto, avec une voiture -moderne, classique ou vintage- ou m\u00eame &#8230; en tricyclecar.<\/span><\/p>\n<p><span class=\"Style6\">Parcourez la page \u00ab\u00a0<a href=\"http:\/\/leplessis-lepage.fr\/?page_id=226\" target=\"_blank\" rel=\"noopener\">Ambiances<\/a>\u00a0\u00bb pour avoir un aper\u00e7u du bon vivre au Plessis-Lepage et dans les environs.<\/span><\/p>\n<p><span class=\"Style6\"> A tr\u00e8s bient\u00f4t !<br \/>Patrick et Dominique<\/span><\/p>\n\n\n<div class=\"wp-block-buttons is-layout-flex wp-block-buttons-is-layout-flex\">\n\n<\/div>\n\n\n\n\n\n<div class=\"wp-block-buttons is-layout-flex wp-block-buttons-is-layout-flex\"><\/div>\n","protected":false},"excerpt":{"rendered":"<p>Nos deux h\u00e9bergements, \u00ab\u00a0Le G\u00eete\u00a0\u00bb et \u00ab\u00a0L&rsquo;Atelier\u00a0\u00bb, peuvent accueillir jusqu&rsquo;\u00e0 quatre personnes chacun et sont class\u00e9s dans la cat\u00e9gorie **** des nouvelles normes. Ils offrent tout le confort et les services pour un s\u00e9jour agr\u00e9able et sans soucis.Nos g\u00eetes sont \u00ab\u00a0pr\u00eats \u00e0 vivre\u00a0\u00bb : l&rsquo;essentiel est disponible, le linge de maison et de toilette sont [&hellip;]<\/p>\n","protected":false},"author":1,"featured_media":0,"parent":0,"menu_order":0,"comment_status":"closed","ping_status":"closed","template":"","meta":{"footnotes":""},"class_list":["post-95","page","type-page","status-publish","hentry"],"_links":{"self":[{"href":"http:\/\/leplessis-lepage.fr\/index.php?rest_route=\/wp\/v2\/pages\/95","targetHints":{"allow":["GET"]}}],"collection":[{"href":"http:\/\/leplessis-lepage.fr\/index.php?rest_route=\/wp\/v2\/pages"}],"about":[{"href":"http:\/\/leplessis-lepage.fr\/index.php?rest_route=\/wp\/v2\/types\/page"}],"author":[{"embeddable":true,"href":"http:\/\/leplessis-lepage.fr\/index.php?rest_route=\/wp\/v2\/users\/1"}],"replies":[{"embeddable":true,"href":"http:\/\/leplessis-lepage.fr\/index.php?rest_route=%2Fwp%2Fv2%2Fcomments&post=95"}],"version-history":[{"count":32,"href":"http:\/\/leplessis-lepage.fr\/index.php?rest_route=\/wp\/v2\/pages\/95\/revisions"}],"predecessor-version":[{"id":1524,"href":"http:\/\/leplessis-lepage.fr\/index.php?rest_route=\/wp\/v2\/pages\/95\/revisions\/1524"}],"wp:attachment":[{"href":"http:\/\/leplessis-lepage.fr\/index.php?rest_route=%2Fwp%2Fv2%2Fmedia&parent=95"}],"curies":[{"name":"wp","href":"https:\/\/api.w.org\/{rel}","templated":true}]}}